t are the prime factors of 2*(-40)/(-2 + -2)?
2, 5
Suppose 323 = 3*c + 4*b, -4*b = c - 5*c + 384. List the prime factors of c.
101
Suppose -2 + 4 = -4*l + r, -4*l + 4*r = 8. Suppose 0 = -0*a + 5*a. Suppose 2*m + l*y - 2*y - 14 = a, 10 = -5*y. What are the prime factors of m?
5
Let u = -71 + 105. List the prime factors of u.
2, 17
Let p = 299 - 158. What are the prime factors of p?
3, 47
Suppose 0 = 4*x - 27 + 3. Suppose -2*w - b + 22 = -x*b, -3*b = 6. What are the prime factors of (-16)/(-12) + 4/w?
2
Let u = -13 + 15. Suppose 0 = 3*n + u*b - 74, -2*b + 30 = -0*n + n. What are the prime factors of n?
2, 11
Let o(j) = -3*j + 7. What are the prime factors of o(-9)?
2, 17
Let s be ((-96)/18)/(4/(-18)). Let a = s - 5. Let m = -13 + a. List the prime factors of m.
2, 3
Suppose -b = -w - 11, -4*w + 5*b - 4*b - 35 = 0. Let a = 18 - w. List the prime factors of a.
2, 13
Let n be 4/(-18) + (-290)/(-90). What are the prime factors of 122/n + 7/21?
41
Suppose 29*i = 24*i + 825. List the prime factors of i.
3, 5, 11
Let x be 116/10 - (-8)/20. Suppose 0*o + 2*o = 0. Suppose o*h + x = h. List the prime factors of h.
2, 3
Let g(b) = b**3 - b**2 + 1. Let h be g(2). Suppose 3*r = a + 17, h*a = -r - 2 + 13. What are the prime factors of r?
2, 3
Let m(n) = -5*n + 2. Let g = 2 - 2. Suppose 3*v + 22 = 2*v + 5*s, 3*v - 2*s + 14 = g. What are the prime factors of m(v)?
2, 3
Let y(k) = -k**2 - 11*k - 5. Let m be y(-5). Let r = m - 17. List the prime factors of r.
2
Suppose -2*v - 8 = 0, -4*a - 5*v = -10*v - 4. What are the prime factors of a/6*135/(-6)?
3, 5
Suppose -q + 5*o + 7 - 20 = 0, -4*q - 7 = -5*o. Suppose h + 1 = q*h. Suppose h = -3*s + 13. List the prime factors of s.
2
Suppose -2*l + 25 = -7*l. Let k(g) = -5*g + 2. Let u be k(l). Suppose -2*r - r = -u. List the prime factors of r.
3
Suppose 5*g = -5*m + 15, -g = -5*m - 3*g + 24. Suppose 3*x = m*x - 72. List the prime factors of x.
2, 3
Let l = -1 - -11. Suppose 3*r = r + l. What are the prime factors of r?
5
What are the prime factors of 45*2*3/15?
2, 3
Suppose 0 = -4*h - 3*w - 0*w, -3 = 5*h + 3*w. List the prime factors of ((-1)/h)/((-4)/(-204)).
17
Suppose -2*b = -38 - 6. What are the prime factors of b?
2, 11
Suppose -k - 605 = 3*l - 8*l, -235 = -2*l - k. What are the prime factors of 6/14 - l/(-14)?
3
Suppose -4*u + 36 = -u. Let g be u*(9/6 + -1). Suppose -3*z + g = -9. What are the prime factors of z?
5
Let l(i) = 6*i - 10. What are the prime factors of l(3)?
2
Suppose 0 = -8*m + 3*m + 205. List the prime factors of m.
41
Let i = -7 + 10. Suppose -2*l + 6 = 4*s, 2*s + i*l + 2 = 3. List the prime factors of s.
2
Let l be (-1)/(-6) - 141/(-18). Let x(i) = -i - 6*i - i + i**2 + 5. List the prime factors of x(l).
5
Suppose 220 = -0*g + 5*g. List the prime factors of g.
2, 11
Let s(h) = 5*h**2 - 3*h - 2. Suppose -2*f = -f - 3. List the prime factors of s(f).
2, 17
Suppose 44 = -2*t + 142. List the prime factors of t.
7
Let s(c) = -c**3 - 14*c**2 - 25*c + 6. What are the prime factors of s(-12)?
2, 3
Let z = -2 + 46. What are the prime factors of z?
2, 11
Let u(v) = -v - 4. Let x be u(-6). Suppose -2*f - 2 = -0*q - q, -5*q = 2*f + x. List the prime factors of (3/f)/(6/(-8)).
2
Let g(m) = -m + 37. List the prime factors of g(-22).
59
Let w be (-1)/2 - (-36)/8. Let o(p) = -p**3 + 5*p**2 - 4*p + 3. Let k be o(w). Let y = k - -6. List the prime factors of y.
3
What are the prime factors of 2/(27/21 + -1)?
7
Let v = 117 + -165. List the prime factors of -2*v/9*3.
2
Let y(m) = m**3 + 3*m**2. Let b be y(-3). Suppose -4*p + 0*p + 132 = b. List the prime factors of p.
3, 11
Suppose -43*i + 41*i = -430. What are the prime factors of i?
5, 43
Let k = -4 + 2. What are the prime factors of (-2)/(0 - k) - -9?
2
Let o(n) be the third derivative of -n**4/12 + 2*n**3/3 - 9*n**2. Suppose -3*x = -4*x + j - 1, -5*j = x + 13. What are the prime factors of o(x)?
2, 5
Let k(u) = 48*u**2 + 1. What are the prime factors of k(-1)?
7
Let h be 636/21 - 6/21. Suppose 0 = -5*c + 2*c + h. What are the prime factors of c?
2, 5
Suppose 3*w - 4 = h + 5, 0 = -3*h + 4*w - 22. Let j(a) = a**3 + 6*a**2 - 2*a + 9. Let t(s) = 1. Let b(f) = j(f) - 6*t(f). What are the prime factors of b(h)?
3, 5
Suppose -8*x + 6*x = -366. What are the prime factors of x?
3, 61
Suppose 0*c - 3*c + 171 = 0. What are the prime factors of c?
3, 19
Let j(y) = -y**2 - 9*y - 8. Let p be j(-6). Let g(n) = n + 13. Let w be g(-9). Let b = p - w. List the prime factors of b.
2, 3
Let s = 124 - 75. List the prime factors of s.
7
Let y be (0 - 0)/(4/(-2)). Suppose y = -4*p + v + 19, 2*v + 12 = 2*p + 4. What are the prime factors of p?
5
Let k(u) = 2*u - 2. Let j be k(2). Suppose 2*b + 16 = j. Let o = b - -11. List the prime factors of o.
2
Let q(m) be the second derivative of -m**4/12 - 2*m**3/3 - m**2 + 3*m. Let d(o) be the first derivative of q(o). What are the prime factors of d(-3)?
2
Let b = 139 + -46. List the prime factors of b.
3, 31
Let n = -48 + 107. What are the prime factors of n?
59
Suppose 5*j - 2*j = 15. Suppose 4*v + 20 + 25 = j*s, 4*s - 36 = v. List the prime factors of s.
3
Let o be (-2 + 1 - -1)*-1. Suppose o = -4*b + 23 + 57. List the prime factors of b.
2, 5
Let c = -41 + 69. List the prime factors of c.
2, 7
Let z(l) = -l**3 - 7*l**2 - 7*l - 5. Let b be z(-7). What are the prime factors of (b/20)/((-2)/(-10))?
11
Suppose -136 + 28 = -4*h + 5*i, 0 = -2*h + 2*i + 56. List the prime factors of h.
2
Let u be 119/28 - (-2)/(-8). Suppose -2*f + 72 = u*x, f - 4 = -2. List the prime factors of x.
17
Suppose 0 = 4*s - 0*s, 54 = 3*p + s. Suppose p = 5*a - 3*a. List the prime factors of a.
3
Suppose -7*n - 730 = -9*n. What are the prime factors of n?
5, 73
Let r = 168 + -97. What are the prime factors of r?
71
Suppose l + 2*c - 25 + 3 = 0, -2*l = 3*c - 48. Suppose 0 = -z - 4*z + l. What are the prime factors of z?
2, 3
Let u(q) = q**2 - 2*q - 2. Let b be u(4). Suppose -11*l - 9 = -8*l. List the prime factors of (12/(-2))/l + b.
2
Suppose 3*u = 3*i - 183, -i = -0*i + 4*u - 61. List the prime factors of i.
61
Suppose -4*l = -104 - 28. What are the prime factors of l?
3, 11
Let h = -4 + 30. What are the prime factors of h?
2, 13
Suppose 2*x + 0*y = -3*y - 24, 0 = -4*x - 5*y - 44. List the prime factors of (5 + -9)*x/4.
2, 3
Let f(y) = 4*y**2 + 2*y + 4. Let v be f(-4). Suppose 4*u - 153 - 45 = 5*a, 4*a - v = -u. Suppose u - 6 = 2*n. What are the prime factors of n?
23
Suppose 5*p = -y + 2*p + 83, 0 = -5*y - 5*p + 445. What are the prime factors of y?
2, 23
What are the prime factors of 770/30 - (-4)/(-6)?
5
Let p = 152 + -77. List the prime factors of p.
3, 5
Suppose 3*f = -4*a + 2*f + 222, 159 = 3*a - 3*f. What are the prime factors of a?
5, 11
Suppose -7*t - 36 = -8*t. List the prime factors of t.
2, 3
List the prime factors of ((-44)/5)/(4/(-10)).
2, 11
Let y(m) = -m**3 - 5*m**2 + m - 1. Let o be y(-5). Let d be 3/9 - 52/o. Let h = 30 - d. What are the prime factors of h?
3, 7
List the prime factors of 276/10 - 6/(-15).
2, 7
Let w = 40 + 5. Suppose 4*r + 9 = w. What are the prime factors of r?
3
Let w(x) = x**2 - 4*x + 4. Let t be w(4). Let q be 3/6 - (-10)/t. Let g = 6 - q. List the prime factors of g.
3
Let w be (30 - 3)/3*-1. Let z = w + 22. List the prime factors of z.
13
Let s be (1*-1)/(4/(-72)). Let b be (-12)/s + 40/6. Suppose -2*w + 5 = d - b*w, w = 2*d - 10. What are the prime factors of d?
5
Let w be 3/(-3) + 3 + -4. Let a = 6 + w. What are the prime factors of a?
2
Let p = -6 + 11. Let c be (432/32)/(6/8). Suppose -c = -p*l + 3*l. What are the prime factors of l?
3
Let u(k) = k**3 + k**2 - k. What are the prime factors of u(2)?
2, 5
Let o(l) = -l**2 + l - 6. Let c(r) = r**2 - 2*r + 11. Let v(d) = -4*c(d) - 7*o(d). Let n be v(2). Suppose n = 4*w - 0*w. List the prime factors of w.
3
Let n = 177 - 77. Suppose 73 + n = 5*h - 2*w, -2*w = -2. What are the prime factors of h?
5, 7
Let i(w) = w**2 - 2*w + 2. Let z be i(3). Suppose -z*f + 18 = 3. Suppose c + r + 4 = f*r, -c + 16 = 3*r. List the prime factors of c.
2
Suppose 2*y - 4 = 0, w + 2 + 0 = 3*y. Suppose -1 = -v - 0*v, -w*v = -m + 19. What are the prime factors of m?
23
Suppose -50 - 142 = -2*o. List the prime factors of o.
2, 3
Let x(r) = 16*r + 8. List the prime factors of x(3).
2, 7
Let m(c) = -c**3